{"id":262,"date":"2022-06-22T14:40:11","date_gmt":"2022-06-22T14:40:11","guid":{"rendered":"https:\/\/leonescruzdelsur.cl\/?page_id=262"},"modified":"2025-08-06T21:11:50","modified_gmt":"2025-08-07T00:11:50","slug":"objetivos-y-principios","status":"publish","type":"page","link":"https:\/\/leonescruzdelsur.cl\/index.php\/objetivos-y-principios\/","title":{"rendered":"Objetivos y Principios"},"content":{"rendered":"\t\t<div data-elementor-type=\"wp-page\" data-elementor-id=\"262\" class=\"elementor elementor-262\">\n\t\t\t\t\t\t<section class=\"elementor-section elementor-top-section elementor-element elementor-element-60cce98d elementor-section-boxed elementor-section-height-default elementor-section-height-default\" data-id=\"60cce98d\" data-element_type=\"section\" data-e-type=\"section\">\n\t\t\t\t\t\t<div class=\"elementor-container elementor-column-gap-default\">\n\t\t\t\t\t<div class=\"elementor-column elementor-col-100 elementor-top-column elementor-element elementor-element-19b0dd32\" data-id=\"19b0dd32\" data-element_type=\"column\" data-e-type=\"column\">\n\t\t\t<div class=\"elementor-widget-wrap elementor-element-populated\">\n\t\t\t\t\t\t<div class=\"elementor-element elementor-element-3ae4f82c elementor-widget elementor-widget-text-editor\" data-id=\"3ae4f82c\" data-element_type=\"widget\" data-e-type=\"widget\" data-widget_type=\"text-editor.default\">\n\t\t\t\t<div class=\"elementor-widget-container\">\n\t\t\t\t\t\t\t\t\t\n<p>\u00a0<\/p>\n\n<div class=\"wp-block-columns alignwide is-layout-flex wp-container-core-columns-is-layout-28f84493 wp-block-columns-is-layout-flex\">\n<div class=\"wp-block-column is-layout-flow wp-block-column-is-layout-flow\" style=\"flex-basis: 66.66%;\">\n<p class=\"has-large-font-size\">LOS LEONES DEL MUNDO JUNTOS EN UN SOLO RUGIDO.<\/p>\n\n<p>Cuando se trata de aceptar desaf\u00edos, nuestra respuesta es clara: \u201cNosotros servimos\u201d. Este concepto une a Leones del mundo entero. Y es incondicional.<\/p>\n\n<p>El Leonismo no est\u00e1 restringido a un continente en particular ni limitado a determinadas causas. Ayudamos donde sea, cuando sea y como sea que podamos.<\/p>\n\n<p>En el Club de Leones Punta Arenas Cruz del Sur participan socios voluntarios que se han agrupado bajo esta organizaci\u00f3n internacional, en la cual disfrutamos del buen compa\u00f1erismo y dedicamos parte de nuestro tiempo libre en ayudar a personas necesitadas en nuestra comunidad.<\/p>\n\n<p>Nuestra principal obra de servicio es la rehabilitaci\u00f3n de personas con discapacidad en la Regi\u00f3n de Magallanes y Ant\u00e1rtica Chilena. Este objetivo se alcanza a trav\u00e9s de los tres Centros ubicados en Punta Arenas, Puerto Natales y Porvenir, que conjuntamente dan trabajo a m\u00e1s de cien personas y atienden gratuitamente y en forma mensual sobre 2.300 ni\u00f1os, j\u00f3venes y adultos.<\/p>\n\n<p class=\"has-large-font-size\">PROP\u00d3SITOS DEL LEONISMO<\/p>\n\n<p>\u00b7 CREAR y fomentar un esp\u00edritu de entendimiento entre los pueblos del mundo.<\/p>\n\n<p>\u00b7 PROMOVER la teor\u00eda y la pr\u00e1ctica de los principios del buen gobierno y de la buena ciudadan\u00eda. TOMAR parte activa en el desarrollo c\u00edvico, cultural, social, moral y en el bienestar de la comunidad.<\/p>\n\n<p>\u00b7 UNIR a los socios en v\u00ednculos de amistad, buen compa\u00f1erismo y mutuo entendimiento. PROPORCIONAR a los socios un medio de discusi\u00f3n, para el amplio y libre estudio de todo asunto de inter\u00e9s p\u00fablico, con la sola excepci\u00f3n de asuntos de pol\u00edtica partidaria y sectarismo religioso.<\/p>\n\n<p>\u00b7 ALENTAR a personas responsables y dedicadas a servir en sus comunidades, con la salvedad de que ning\u00fan club tratar\u00e1 de obtener beneficios econ\u00f3micos para sus socios como uno de sus objetivos, alentar la eficiencia y fomentar la uniformidad de una \u00e9tica en el comercio, la industria, las profesiones p\u00fablicas y proyectos privados.<\/p>\n\n<p class=\"has-large-font-size\">C\u00d3DIGO DE ETICA DEL LEONISMO<\/p>\n\n<p>MOSTRAR\u00c9 mi fe en la bondad de mi vocaci\u00f3n aplic\u00e1ndome industriosamente hasta lograr una buena reputaci\u00f3n por la alta calidad de mis servicios.<\/p>\n\n<p>BUSCAR\u00c9 el \u00e9xito y exigir\u00e9 toda remuneraci\u00f3n o ganancia justa que pueda merecer, pero rehusar\u00e9 toda ganancia o recompensa que pudiera resultar en menoscabo o p\u00e9rdida de mi dignidad, como efecto del aprovechamiento de alguna ventaja injusta o de acciones dudosas m\u00edas.<\/p>\n\n<p>RECORDAR\u00c9 que para desarrollar mi negocio no es necesario destruir el de otro; ser\u00e9 leal con mis clientes y sincero para conmigo mismo.<\/p>\n\n<p>DONDEQUIERA que surja alguna duda en cuanto al derecho o la \u00e9tica de mi posici\u00f3n o acci\u00f3n hacia otras personas, resolver\u00e9 esa duda a costa de m\u00ed mismo.<\/p>\n\n<p>PRACTICAR\u00c9 la amistad como un fin y no como un medio. Sostendr\u00e9 que la verdadera amistad existe, no por raz\u00f3n del servicio prestado, sino que se acepta con el mismo esp\u00edritu con que se realiza, sin pedir nada por ello.<\/p>\n\n<p>TENDR\u00c9 siempre presente mis obligaciones de ciudadano para con mi naci\u00f3n, mi estado y mi comunidad, profes\u00e1ndoles mi lealtad constante de pensamiento, palabra y obra y dedic\u00e1ndoles generosamente mi tiempo, mi trabajo y mis recursos.<\/p>\n\n<p>AYUDAR\u00c9 al pr\u00f3jimo consolando al atribulado, fortaleciendo al d\u00e9bil y socorriendo al menesteroso.<\/p>\n\n<p>SER\u00c9 mesurado en la cr\u00edtica y liberal en el elogio; construir\u00e9 y no destruir\u00e9.<\/p>\n<\/div>\n\n<div class=\"wp-block-column is-layout-flow wp-block-column-is-layout-flow\" style=\"flex-basis: 33.33%;\">\n<figure class=\"wp-block-image aligncenter size-full is-resized\"><img decoding=\"async\" data-recalc-dims=\"1\" class=\"wp-image-7\" src=\"https:\/\/i0.wp.com\/leonescruzdelsur.cl\/wp-content\/uploads\/2022\/06\/logo_header-e1654193420597.png?resize=197%2C188&#038;ssl=1\" alt=\"\" width=\"197\" height=\"188\" \/><\/figure>\n\n<div class=\"wp-block-spacer\" style=\"height: 209px;\" aria-hidden=\"true\">\u00a0<\/div>\n\n<figure class=\"wp-block-image size-large\"><img fetchpriority=\"high\" decoding=\"async\" data-recalc-dims=\"1\" height=\"1024\" width=\"576\" class=\"wp-image-263\" style=\"border-radius: 5px;\" src=\"https:\/\/i0.wp.com\/leonescruzdelsur.cl\/wp-content\/uploads\/2022\/06\/estandarte.jpg?resize=576%2C1024&#038;ssl=1\" alt=\"\" \/><\/figure>\n\n<div class=\"wp-block-spacer\" style=\"height: 63px;\" aria-hidden=\"true\">\u00a0<\/div>\n\n<figure class=\"wp-block-image size-large is-style-default\"><img decoding=\"async\" data-recalc-dims=\"1\" class=\"alignnone wp-image-1460 size-full\" style=\"border-radius: 5px;\" src=\"https:\/\/i0.wp.com\/leonescruzdelsur.cl\/wp-content\/uploads\/2025\/08\/Directorio-2025-2026-800-pixeles.fw_.png?resize=800%2C533&#038;ssl=1\" alt=\"\" width=\"800\" height=\"533\" srcset=\"https:\/\/i0.wp.com\/leonescruzdelsur.cl\/wp-content\/uploads\/2025\/08\/Directorio-2025-2026-800-pixeles.fw_.png?w=800&amp;ssl=1 800w, https:\/\/i0.wp.com\/leonescruzdelsur.cl\/wp-content\/uploads\/2025\/08\/Directorio-2025-2026-800-pixeles.fw_.png?resize=768%2C512&amp;ssl=1 768w\" sizes=\"(max-width: 800px) 100vw, 800px\" \/><\/figure>\n<\/div>\n<\/div>\n\n<p>\u00a0<\/p>\n\t\t\t\t\t\t\t\t<\/div>\n\t\t\t\t<\/div>\n\t\t\t\t\t<\/div>\n\t\t<\/div>\n\t\t\t\t\t<\/div>\n\t\t<\/section>\n\t\t\t\t<\/div>\n\t\t","protected":false},"excerpt":{"rendered":"<p>\u00a0 LOS LEONES DEL MUNDO JUNTOS EN UN SOLO RUGIDO. Cuando se trata de aceptar desaf\u00edos, nuestra respuesta es clara: \u201cNosotros servimos\u201d. Este concepto une a Leones del mundo entero. Y es incondicional. El Leonismo no est\u00e1 restringido a un continente en particular ni limitado a determinadas causas. Ayudamos donde sea, cuando sea y como [&hellip;]<\/p>\n","protected":false},"author":1,"featured_media":0,"parent":0,"menu_order":0,"comment_status":"closed","ping_status":"closed","template":"","meta":{"_eb_attr":"","footnotes":""},"class_list":["post-262","page","type-page","status-publish","hentry"],"jetpack-related-posts":[],"jetpack_sharing_enabled":true,"_links":{"self":[{"href":"https:\/\/leonescruzdelsur.cl\/index.php\/wp-json\/wp\/v2\/pages\/262","targetHints":{"allow":["GET"]}}],"collection":[{"href":"https:\/\/leonescruzdelsur.cl\/index.php\/wp-json\/wp\/v2\/pages"}],"about":[{"href":"https:\/\/leonescruzdelsur.cl\/index.php\/wp-json\/wp\/v2\/types\/page"}],"author":[{"embeddable":true,"href":"https:\/\/leonescruzdelsur.cl\/index.php\/wp-json\/wp\/v2\/users\/1"}],"replies":[{"embeddable":true,"href":"https:\/\/leonescruzdelsur.cl\/index.php\/wp-json\/wp\/v2\/comments?post=262"}],"version-history":[{"count":11,"href":"https:\/\/leonescruzdelsur.cl\/index.php\/wp-json\/wp\/v2\/pages\/262\/revisions"}],"predecessor-version":[{"id":1465,"href":"https:\/\/leonescruzdelsur.cl\/index.php\/wp-json\/wp\/v2\/pages\/262\/revisions\/1465"}],"wp:attachment":[{"href":"https:\/\/leonescruzdelsur.cl\/index.php\/wp-json\/wp\/v2\/media?parent=262"}],"curies":[{"name":"wp","href":"https:\/\/api.w.org\/{rel}","templated":true}]}}