{"id":308,"date":"2022-06-22T18:41:19","date_gmt":"2022-06-22T18:41:19","guid":{"rendered":"https:\/\/leonescruzdelsur.cl\/?page_id=308"},"modified":"2025-08-05T09:31:02","modified_gmt":"2025-08-05T12:31:02","slug":"colabora-aqui","status":"publish","type":"page","link":"https:\/\/leonescruzdelsur.cl\/index.php\/colabora-aqui\/","title":{"rendered":"Colabora Aqu\u00ed"},"content":{"rendered":"\n<p class=\"has-text-align-center has-large-font-size\"><\/p>\n\n\n\n<figure class=\"wp-block-image aligncenter size-full is-resized\"><img data-recalc-dims=\"1\" fetchpriority=\"high\" decoding=\"async\" width=\"800\" height=\"169\" src=\"https:\/\/i0.wp.com\/leonescruzdelsur.cl\/wp-content\/uploads\/2025\/07\/Jornadas-38-800px.png?resize=800%2C169&#038;ssl=1\" alt=\"\" class=\"wp-image-1257\" style=\"width:729px;height:auto\" srcset=\"https:\/\/i0.wp.com\/leonescruzdelsur.cl\/wp-content\/uploads\/2025\/07\/Jornadas-38-800px.png?w=800&amp;ssl=1 800w, https:\/\/i0.wp.com\/leonescruzdelsur.cl\/wp-content\/uploads\/2025\/07\/Jornadas-38-800px.png?resize=768%2C162&amp;ssl=1 768w\" sizes=\"(max-width: 800px) 100vw, 800px\" \/><\/figure>\n\n\n\n<div class=\"wp-block-columns is-layout-flex wp-container-core-columns-is-layout-28f84493 wp-block-columns-is-layout-flex\">\n<div class=\"wp-block-column is-layout-flow wp-block-column-is-layout-flow\">\n<figure class=\"wp-block-image alignright size-full is-resized imagen-hover\"><a href=\"https:\/\/rehabilitamos.org\/dona\/aporte.php\" target=\"_blank\" rel=\"noreferrer noopener\"><img data-recalc-dims=\"1\" decoding=\"async\" width=\"328\" height=\"162\" src=\"https:\/\/i0.wp.com\/leonescruzdelsur.cl\/wp-content\/uploads\/2025\/08\/compraqui.jpg?resize=328%2C162&#038;ssl=1\" alt=\"\" class=\"wp-image-1446\" style=\"aspect-ratio:1.6768292682926829;object-fit:cover;width:300px\"\/><\/a><\/figure>\n<\/div>\n\n\n\n<div class=\"wp-block-column is-vertically-aligned-center is-layout-flow wp-block-column-is-layout-flow\">\n<p class=\"has-x-large-font-size\"><img data-recalc-dims=\"1\" decoding=\"async\" width=\"50\" height=\"26\" class=\"wp-image-517\" style=\"width: 50px;\" src=\"https:\/\/i0.wp.com\/leonescruzdelsur.cl\/wp-content\/uploads\/2022\/07\/flecha.fw_.png?resize=50%2C26&#038;ssl=1\" alt=\"\"> DONA AQU\u00cd<\/p>\n<\/div>\n<\/div>\n\n\n\n<div class=\"wp-block-columns is-layout-flex wp-container-core-columns-is-layout-28f84493 wp-block-columns-is-layout-flex\">\n<div class=\"wp-block-column is-layout-flow wp-block-column-is-layout-flow\">\n<figure class=\"wp-block-image alignright size-full is-resized imagen-hover\"><a href=\"https:\/\/www.webpay.cl\/company\/42030\" target=\"_blank\" rel=\"noreferrer noopener\"><img data-recalc-dims=\"1\" loading=\"lazy\" decoding=\"async\" width=\"512\" height=\"307\" src=\"https:\/\/i0.wp.com\/leonescruzdelsur.cl\/wp-content\/uploads\/2025\/08\/transbank.jpg?resize=512%2C307&#038;ssl=1\" alt=\"\" class=\"wp-image-1445\" style=\"width:300px\"\/><\/a><\/figure>\n<\/div>\n\n\n\n<div class=\"wp-block-column is-vertically-aligned-center is-layout-flow wp-block-column-is-layout-flow\">\n<p class=\"has-x-large-font-size\"><img data-recalc-dims=\"1\" decoding=\"async\" width=\"50\" height=\"26\" class=\"wp-image-517\" style=\"width: 50px;\" src=\"https:\/\/i0.wp.com\/leonescruzdelsur.cl\/wp-content\/uploads\/2022\/07\/flecha.fw_.png?resize=50%2C26&#038;ssl=1\" alt=\"\"> DONA AQU\u00cd<\/p>\n<\/div>\n<\/div>\n\n\n\n<p><strong>Las Jornadas por la Rehabilitaci\u00f3n en Magallanes<\/strong> (ex Jornadas por el Ni\u00f1o Impedido Magall\u00e1nico) nacen por iniciativa de nuestro Club en el a\u00f1o 1988, con el prop\u00f3sito de recaudar fondos que permitieran financiar las atenciones y tratamientos que requer\u00edan los ni\u00f1os que presentaban alg\u00fan tipo de discapacidad en nuestra regi\u00f3n. Lo anterior surgi\u00f3 cuando nuestras actividades tradicionales de recaudaci\u00f3n \u2014rifas, bazares y bingos\u2014 no fueron ya suficientes para la obtenci\u00f3n de los recursos financieros necesarios, por lo que solicitamos a nuestra comunidad una mayor participaci\u00f3n y aporte. De esta manera, la comunidad generosamente acogi\u00f3 nuestra invitaci\u00f3n y as\u00ed naci\u00f3 esta gran cruzada de amor.<\/p>\n\n\n\n<p>Durante el periodo de Jornadas, se realizan diferentes actividades de difusi\u00f3n, de sensibilizaci\u00f3n respecto de la discapacidad y de recaudaci\u00f3n de aportes. Se distribuyen alcanc\u00edas en el comercio e instituciones en general; caravanas de m\u00e1s de 1000 voluntarios recorren la ciudad solicitando colaboraci\u00f3n directa a las personas; caminantes y payasos viajan enormes distancias por los caminos de la regi\u00f3n, recaudando dinero entre los automovilistas que transitan por all\u00ed. Las Jornadas culminan con un gran show art\u00edstico, con la presencia de artistas y animadores regionales y nacionales. Desde hace algunos a\u00f1os, el cierre de la campa\u00f1a se realiza en las instalaciones del Gimnasio Fiscal. Este show es el regalo que el Club entrega a la comunidad, en agradecimiento a su permanente compromiso.<\/p>\n\n\n\n<hr class=\"wp-block-separator has-alpha-channel-opacity\"\/>\n\n\n\n<h3 class=\"wp-block-heading\"><strong>PUEDES AYUDAR DESDE CUALQUIER PARTE DEL PA\u00cdS<\/strong><\/h3>\n\n\n\n<p>Realiza tu dep\u00f3sito bancario desde cualquier lugar del pa\u00eds, teniendo en consideraci\u00f3n los siguientes datos:<\/p>\n\n\n\n<p><strong>Nombre del banco:<\/strong> Banco Estado<br><strong>Nombre del beneficiario:<\/strong> Club de Leones Cruz del Sur<br><strong>RUT:<\/strong> 71.149.500-2<br><strong>N\u00famero de cuenta corriente:<\/strong> 91900176100<br><strong>Direcci\u00f3n:<\/strong> Calle Libertador Bernardo O\u2019Higgins N\u00b0 301, Punta Arenas<\/p>\n\n\n\n<hr class=\"wp-block-separator has-alpha-channel-opacity\"\/>\n\n\n\n<h3 class=\"wp-block-heading\"><strong>PUEDES AYUDAR DESDE EL EXTRANJERO<\/strong><\/h3>\n\n\n\n<p>Realiza tu dep\u00f3sito bancario desde el extranjero, teniendo en consideraci\u00f3n los siguientes datos:<\/p>\n\n\n\n<p><strong>Nombre del banco:<\/strong> Banco Estado<br><strong>Direcci\u00f3n del banco:<\/strong> Plaza Mu\u00f1oz Gamero N\u00b0 799, Punta Arenas<br><strong>Pa\u00eds:<\/strong> Chile<br><strong>C\u00f3digo SWIFT:<\/strong> BECHCLRM<br><strong>Nombre del beneficiario:<\/strong> Club de Leones Cruz del Sur<br><strong>RUT:<\/strong> 71.149.500-2<br><strong>N\u00famero de cuenta corriente:<\/strong> 91900176100<br><strong>Direcci\u00f3n del beneficiario:<\/strong> Calle Libertador Bernardo O\u2019Higgins N\u00b0 301, Punta Arenas<\/p>\n\n\n\n<hr class=\"wp-block-separator has-alpha-channel-opacity\"\/>\n\n\n\n<h3 class=\"wp-block-heading\"><strong>T\u00da PUEDES AYUDAR PERI\u00d3DICAMENTE<\/strong><\/h3>\n\n\n\n<p>T\u00fa puedes integrar el grupo de socios cooperadores de las Jornadas, comprometiendo un aporte peri\u00f3dico y permanente, que puede ser por periodos mensuales, trimestrales, semestrales o anuales.<\/p>\n\n\n\n<p>Estos aportes van en directa ayuda de los m\u00e1s de 2.300 ni\u00f1os, j\u00f3venes y adultos que son atendidos mensualmente y en forma gratuita en los Centros de Rehabilitaci\u00f3n de Punta Arenas, Puerto Natales y Porvenir.<\/p>\n\n\n\n<p>La forma de aportar va desde $2.000 en adelante, existiendo las siguientes modalidades para su recaudaci\u00f3n:<\/p>\n\n\n\n<ul class=\"wp-block-list\">\n<li>Cargo en cuenta Corriente, Vista o Ahorro a la vista<\/li>\n\n\n\n<li>Cargo en Tarjeta de Cr\u00e9dito<\/li>\n\n\n\n<li>Transferencia Electr\u00f3nica<\/li>\n\n\n\n<li>Efectivo<\/li>\n<\/ul>\n\n\n\n<p>Si deseas unirte a nosotros, entonces ll\u00e1manos al (56) 61-2244015 y te visitaremos.<\/p>\n","protected":false},"excerpt":{"rendered":"<p>DONA AQU\u00cd DONA AQU\u00cd Las Jornadas por la Rehabilitaci\u00f3n en Magallanes (ex Jornadas por el Ni\u00f1o Impedido Magall\u00e1nico) nacen por iniciativa de nuestro Club en el a\u00f1o 1988, con el prop\u00f3sito de recaudar fondos que permitieran financiar las atenciones y tratamientos que requer\u00edan los ni\u00f1os que presentaban alg\u00fan tipo de discapacidad en nuestra regi\u00f3n. Lo [&hellip;]<\/p>\n","protected":false},"author":1,"featured_media":0,"parent":0,"menu_order":0,"comment_status":"closed","ping_status":"closed","template":"single-no-separators","meta":{"_eb_attr":"","footnotes":""},"class_list":["post-308","page","type-page","status-publish","hentry"],"jetpack-related-posts":[],"jetpack_sharing_enabled":true,"_links":{"self":[{"href":"https:\/\/leonescruzdelsur.cl\/index.php\/wp-json\/wp\/v2\/pages\/308","targetHints":{"allow":["GET"]}}],"collection":[{"href":"https:\/\/leonescruzdelsur.cl\/index.php\/wp-json\/wp\/v2\/pages"}],"about":[{"href":"https:\/\/leonescruzdelsur.cl\/index.php\/wp-json\/wp\/v2\/types\/page"}],"author":[{"embeddable":true,"href":"https:\/\/leonescruzdelsur.cl\/index.php\/wp-json\/wp\/v2\/users\/1"}],"replies":[{"embeddable":true,"href":"https:\/\/leonescruzdelsur.cl\/index.php\/wp-json\/wp\/v2\/comments?post=308"}],"version-history":[{"count":20,"href":"https:\/\/leonescruzdelsur.cl\/index.php\/wp-json\/wp\/v2\/pages\/308\/revisions"}],"predecessor-version":[{"id":1451,"href":"https:\/\/leonescruzdelsur.cl\/index.php\/wp-json\/wp\/v2\/pages\/308\/revisions\/1451"}],"wp:attachment":[{"href":"https:\/\/leonescruzdelsur.cl\/index.php\/wp-json\/wp\/v2\/media?parent=308"}],"curies":[{"name":"wp","href":"https:\/\/api.w.org\/{rel}","templated":true}]}}